t is -2840758 + -3?
-2840762
In base 16, what is 5 + 62d8?
62dd
In base 7, what is -52 - -162?
110
In base 3, what is -1000220211 + 1?
-1000220210
In base 11, what is -11 - -445?
434
In base 16, what is 10952 + 3?
10955
In base 4, what is 2030012 + -132?
2023220
In base 7, what is -3 + 35606?
35603
In base 8, what is -105475 + 3?
-105472
In base 15, what is -2b93 + -8?
-2b9b
In base 10, what is 3 - 59422?
-59419
In base 4, what is -13 - 210023220?
-210023233
In base 11, what is -14a - 340?
-48a
In base 14, what is -2 - -62c55?
62c53
In base 2, what is -10101101 + 11011011?
101110
In base 7, what is 64 + 35055?
35152
In base 10, what is 564 - 151?
413
In base 2, what is 110010 + -1110000101?
-1101010011
In base 9, what is 31 - 38681?
-38650
In base 15, what is -2 - -240d?
240b
In base 4, what is -20 + 123330120?
123330100
In base 5, what is -4103422 - 10?
-4103432
In base 12, what is -1157 - 29?
-1184
In base 10, what is 3 + 488680?
488683
In base 3, what is 100011 - 112?
22122
In base 13, what is 1 + -339376?
-339375
In base 13, what is 16 + -c67?
-c51
In base 7, what is -2 + 345543?
345541
In base 4, what is 13 - 1110030?
-1110011
In base 9, what is -517565 - 0?
-517565
In base 6, what is 2343 - 103?
2240
In base 3, what is 12 - -1201221?
1202010
In base 5, what is 1120 + -12401?
-11231
In base 4, what is 21122 - -1122?
22310
In base 13, what is 15a6 - -8?
15b1
In base 6, what is 435 + 1335?
2214
In base 15, what is -1259 + -90?
-12e9
In base 11, what is 3 - -428348?
428350
In base 15, what is -36 - -16e?
138
In base 8, what is -2 - -6373?
6371
In base 7, what is -65404451 - -5?
-65404443
In base 6, what is -5 + -145415?
-145424
In base 6, what is -2215 - -2445?
230
In base 5, what is -20 - 10432020?
-10432040
In base 3, what is 1121211 - -1022?
1200010
In base 10, what is -4 + -5174?
-5178
In base 16, what is -4 - -4937?
4933
In base 4, what is -3002001 + 100?
-3001301
In base 12, what is 5 + -9002?
-8bb9
In base 5, what is -2444 + -14102?
-22101
In base 9, what is 187 - 624?
-426
In base 10, what is 587343 - 2?
587341
In base 12, what is 124 - 605?
-4a1
In base 5, what is 4 + -130200?
-130141
In base 4, what is 32322000 + -13?
32321321
In base 13, what is 24879 + 8?
24884
In base 12, what is 64 - 164?
-100
In base 13, what is -122 - 2cc?
-421
In base 13, what is -1 + 31927?
31926
In base 5, what is 10 - 322324?
-322314
In base 3, what is 20 + -210121010012?
-210121002222
In base 15, what is -5 + d687?
d682
In base 13, what is -28b9c - 3?
-28ba2
In base 13, what is -2015 - a1?
-20b6
In base 16, what is -2be + 6?
-2b8
In base 13, what is 2b9a3 - -b?
2b9b1
In base 2, what is -1101010100100000 + 10?
-1101010100011110
In base 3, what is -1102002220 + 0?
-1102002220
In base 13, what is 212a - 1?
2129
In base 7, what is -6 - -242135?
242126
In base 4, what is -10 + -2210211?
-2210221
In base 14, what is -d - -2dda?
2dcb
In base 3, what is -11201202121 - -12?
-11201202102
In base 4, what is 111131 - 2332?
102133
In base 2, what is -1111100 - -100010?
-1011010
In base 16, what is a + -17a?
-170
In base 8, what is 2 + 2643307?
2643311
In base 10, what is 0 + 4564?
4564
In base 16, what is -221 - -185?
-9c
In base 10, what is 1386 - -440?
1826
In base 16, what is -3 + b453?
b450
In base 2, what is -110 + 10101010011001?
10101010010011
In base 11, what is 230 + -2909?
-2689
In base 12, what is -3 - -1327?
1324
In base 4, what is -1220 - 21033?
-22313
In base 12, what is 845 + -29?
818
In base 7, what is 1 - -116201?
116202
In base 10, what is -9175 + 1?
-9174
In base 14, what is -2 + -16695?
-16697
In base 7, what is 2 + 336004?
336006
In base 10, what is 4599 + -6?
4593
In base 11, what is -9059a4 - -1?
-9059a3
In base 11, what is -605 - -104?
-501
In base 15, what is -14aa6c + 1?
-14aa6b
In base 5, what is 10 - 111042441?
-111042431
In base 4, what is 1013 - 1033121?
-1032102
In base 9, what is -1784217 - -3?
-1784214
In base 9, what is -32501 - -36?
-32454
In base 15, what is 26ea + -4?
26e6
In base 15, what is -2d7 - 1c4?
-4ab
In base 9, what is -381058 - 4?
-381063
In base 11, what is 366 + 361?
717
In base 6, what is 313 + -322?
-5
In base 7, what is 41150 + -316?
40531
In base 3, what is 0 - -12012001201?
12012001201
In base 15, what is -3 - 7d?
-81
In base 3, what is 112202201 + 10?
112202211
In base 3, what is 21222022201 + -100?
21222022101
In base 6, what is 125 - 1013251?
-1013122
In base 16, what is -c3 - 90?
-153
In base 16, what is 3 - 23f64?
-23f61
In base 14, what is -1334 - -40b?
-d27
In base 8, what is -50527 + -3?
-50532
In base 13, what is 423c9 + 2?
423cb
In base 5, what is -1010034043 - 3?
-1010034101
In base 5, what is -1404 - -11?
-1343
In base 7, what is 145424 + 4?
145431
In base 8, what is -10016 + 336?
-7460
In base 14, what is -3d - -826?
7c7
In base 16, what is -12ee + -2?
-12f0
In base 2, what is 11101101010001100110 + -10?
11101101010001100100
In base 8, what is 10 + 173074?
173104
In base 7, what is 2 - 1463136?
-1463134
In base 16, what is -3 + -8a25?
-8a28
In base 2, what is -10000000100010011110 - -1011?
-10000000100010010011
In base 16, what is 334 + 2a?
35e
In base 4, what is 0 + -102132?
-102132
In base 4, what is 12 - -320102?
320120
In base 16, what is -3 + 6417?
6414
In base 2, what is 10 + 1111010001101011?
1111010001101101
In base 9, what is 74 + 1047?
1132
In base 15, what is 50 + -392b?
-38cb
In base 11, what is 2 + -556753?
-556751
In base 14, what is -3 - 3651d?
-36522
In base 6, what is -150 + 402?
212
In base 13, what is 2ac - 36?
276
In base 3, what is -120212110 + 2?
-120212101
In base 2, what is 100010011110 + 10?
100010100000
In base 8, what is -2453360 - 5?
-2453365
In base 11, what is -11087 + 4?
-11083
In base 7, what is -43 - 2166?
-2242
In base 5, what is -3 - 2021031?
-2021034
In base 11, what is -8410 - 5a?
-846a
In base 15, what is -30a5 - -25?
-3080
In base 2, what is 110000001100101 - -101?
110000001101010
In base 14, what is 21a9 - 511?
1a98
In base 9, what is 4 + -166840?
-166835
In base 10, what is -4 + 1683?
1679
In base 8, what is -60503 - 105?
-60610
In base 12, what is -81b6 - -5?
-81b1
In base 16, what is 5d73 + -94?
5cdf
In base 2, what is -1 - -100011110010111?
100011110010110
In base 11, what is 166 - -1802?
1968
In base 13, what is 18520 - -114?
18634
In base 4, what is -20231032030 - 0?
-20231032030
In base 16, what is -5 - a70f?
-a714
In base 12, what is 4 - -499322?
499326
In base 14, what is 44145 - 3?
44142
In base 16, what is 37 - -2c9?
300
In base 9, what is 83176 + -4?
83172
In base 12, what is 3 + -2b30?
-2b29
In base 3, what is 12 - 102120022?
-102120010
In base 12, what is 5240 - -a?
524a
In base 3, what is -20022 + 121120001?
121022202
In base 14, what is -c1a - 60?
-c7a
In base 15, what is c48 + -89?
bae
In base 10, what is -92653 - -44?
-92609
In base 11, what is 98641 + 0?
98641
In base 13, what is -2557b + -3?
-25581
In base 10, what is 572 - 44?
528
In base 9, what is -171 - 7287?
-7468
In base 9, what is 25 + 1243?
1268
In base 8, what is -60 - 32?
-112
In base 3, what is 1110201 + -20210?
1012221
In base 10, what is 93 - -1958?
2051
In base 7, what is -3 - -52404?
52401
In base 5, what is -32244 + -3331?
-41130
In base 5, what is 2130130 - 2?
2130123
In base 13, what is 2 + 3616b?
36170
In base 8, what is 4537334 + -1?
4537333
In base 7, what is -121 - 113441?
-113562
In base 12, what is 144461 - -4?
144465
In base 4, what is -30231323 - 111?
-30232100
In base 5, what is 202224 + 2314?
210043
In base 13, what is -51b062 + -1?
-51b063
In base 16, what is 5 + -11aef?
-11aea
In base 12, what is 3666 - 8?
365a
In base 9, what is -15 - -6661?
6645
In base 4, what is -31100213 + 1?
-31100212
In base 8, what is 2 + 50326?
50330
In base 15, what is 249 + -a4?
195
In base 2, what is -1010001001011111 + 0?
-1010001001011111
In base 11, what is 217 - 29a?
-83
In base 14, what is 292 - -449?
6db
In base 8, what is -40430 + 4?
-40424
In base 16, what is -8b - 8b0?
-93b
In base 7, what is -32545 + -320?
-33165
In base 2, what is -10111100000111 - 1100?
-10111100010011
In base 3, what is 2202200 - -2221202?
12201102
In base 11, what is -52363a + 1?
-523639
In base 7, what is -11034000 - 0?
-11034000
In base 13, what is -6 - 5c8?
-601
In base 7, what is -22550 - 3?
-22